 factors of 6229279977?
3, 2076426659
List the prime factors of 191312378.
2, 379, 252391
List the prime factors of 52771154.
2, 23, 157, 7307
List the prime factors of 550697654.
2, 13, 127, 12829
What are the prime factors of 349167?
3, 7, 13, 1279
What are the prime factors of 38154142?
2, 13, 109, 13463
List the prime factors of 63670073.
63670073
List the prime factors of 396557330.
2, 5, 13, 41, 47, 1583
What are the prime factors of 16933179?
3, 809, 6977
List the prime factors of 107379859.
107379859
List the prime factors of 139523899.
139523899
List the prime factors of 38989004.
2, 61, 159791
List the prime factors of 2962960954.
2, 1481480477
List the prime factors of 179209332.
2, 3, 89, 55933
List the prime factors of 573521436.
2, 3, 307, 51893
List the prime factors of 1009259282.
2, 2309, 218549
List the prime factors of 18221724.
2, 3, 71, 7129
List the prime factors of 66801533.
66801533
What are the prime factors of 851681815?
5, 59, 827, 3491
List the prime factors of 409371915.
3, 5, 61, 447401
What are the prime factors of 6431052991?
11, 37, 41, 385393
What are the prime factors of 997921941?
3, 43, 179903
What are the prime factors of 635167746?
2, 3, 61, 578477
List the prime factors of 95645915.
5, 29, 443, 1489
List the prime factors of 2579856193.
2579856193
What are the prime factors of 768602573?
19, 29, 73417
List the prime factors of 549483749.
549483749
What are the prime factors of 739536202?
2, 19, 19461479
What are the prime factors of 327424848?
2, 3, 29, 8111
What are the prime factors of 8266536?
2, 3, 12757
List the prime factors of 123531863.
7, 13, 19, 37, 1931
What are the prime factors of 42743064?
2, 3, 7, 13, 19571
What are the prime factors of 65377419?
3, 31, 702983
What are the prime factors of 721823368?
2, 7, 41, 47, 6689
What are the prime factors of 94176980?
2, 5, 59, 79811
What are the prime factors of 60622438?
2, 149, 203431
What are the prime factors of 226346505?
3, 5, 7, 11, 195971
What are the prime factors of 4308664859?
31, 138989189
What are the prime factors of 3086117096?
2, 385764637
List the prime factors of 45518025.
3, 5, 7, 277, 313
List the prime factors of 208082808.
2, 3, 1543, 1873
List the prime factors of 676859121.
3, 1873, 40153
List the prime factors of 105315695.
5, 2423, 8693
List the prime factors of 292049065.
5, 7, 11, 113, 137
List the prime factors of 39788218.
2, 67, 263, 1129
List the prime factors of 22702597.
22702597
List the prime factors of 353494493.
11, 5483, 5861
What are the prime factors of 100576776?
2, 3, 4190699
List the prime factors of 3932283390.
2, 3, 5, 7, 18725159
What are the prime factors of 2435475375?
3, 5, 47, 46061
List the prime factors of 2761281199.
173, 571, 27953
What are the prime factors of 582202110?
2, 3, 5, 7, 2772391
List the prime factors of 75621088.
2, 2363159
List the prime factors of 200257093.
17, 19, 29, 21379
List the prime factors of 63263696.
2, 569, 6949
What are the prime factors of 21612885?
3, 5, 7, 205837
List the prime factors of 1246556468.
2, 73, 4269029
List the prime factors of 1307927585.
5, 261585517
List the prime factors of 102092882.
2, 971, 52571
List the prime factors of 1835566500.
2, 3, 5, 17, 71983
List the prime factors of 150516502.
2, 53, 1419967
What are the prime factors of 838381684?
2, 7, 103, 290701
What are the prime factors of 277338457?
11, 25212587
What are the prime factors of 129786069?
3, 7, 6180289
List the prime factors of 114375094.
2, 79, 723893
What are the prime factors of 14828862?
2, 3, 17, 145381
What are the prime factors of 235198668?
2, 3, 541, 36229
What are the prime factors of 10031057?
1847, 5431
What are the prime factors of 343989857?
31, 2417, 4591
List the prime factors of 405955459.
7, 13, 59, 75611
List the prime factors of 660392083.
13, 157, 257, 1259
List the prime factors of 76177192.
2, 7, 13, 104639
List the prime factors of 18235238.
2, 7, 173, 7529
What are the prime factors of 207965443?
7, 29709349
What are the prime factors of 68469547?
73, 401, 2339
What are the prime factors of 95823665?
5, 7, 391117
List the prime factors of 2362579767.
3, 79, 3322897
What are the prime factors of 197386393?
31, 6367303
List the prime factors of 577267846.
2, 23, 67, 187303
What are the prime factors of 469354133?
5867, 79999
What are the prime factors of 15212785?
5, 7, 31, 2003
What are the prime factors of 4638131566?
2, 2319065783
List the prime factors of 152555236.
2, 38138809
What are the prime factors of 31556690?
2, 5, 11, 23, 12473
List the prime factors of 126162277.
233, 541469
What are the prime factors of 296087000?
2, 5, 11, 2447
List the prime factors of 941714637.
3, 13381, 23459
What are the prime factors of 43241645?
5, 47, 184007
List the prime factors of 55341124.
2, 13835281
List the prime factors of 1018464223.
7, 547, 265987
List the prime factors of 320290752.
2, 3, 19, 4621
List the prime factors of 81370464.
2, 3, 7, 19, 6373
What are the prime factors of 376977910?
2, 5, 127, 296833
What are the prime factors of 2471794744?
2, 109, 139, 20393
What are the prime factors of 1661052741?
3, 223, 2482889
List the prime factors of 210826382.
2, 13, 1733, 4679
List the prime factors of 1875850524.
2, 3, 52106959
List the prime factors of 6548747816.
2, 13, 3229, 19501
What are the prime factors of 2840224173?
3, 751, 1260641
List the prime factors of 388156187.
19, 20429273
What are the prime factors of 3606923805?
3, 5, 19, 12655873
What are the prime factors of 81782746?
2, 67, 293, 2083
List the prime factors of 203733793.
23, 211, 41981
What are the prime factors of 953784763?
41, 43, 541001
What are the prime factors of 694153342?
2, 151, 367, 6263
List the prime factors of 137084686.
2, 6199, 11057
What are the prime factors of 486803435?
5, 113, 861599
List the prime factors of 794422692.
2, 3, 7, 71, 6343
List the prime factors of 7136684709.
3, 7, 11, 30894739
List the prime factors of 3581180433.
3, 16759, 23743
List the prime factors of 628381937.
628381937
What are the prime factors of 106680800?
2, 5, 133351
List the prime factors of 12105898.
2, 7, 864707
What are the prime factors of 7249503?
3, 2416501
What are the prime factors of 321605955?
3, 5, 11, 649709
List the prime factors of 1259407948.
2, 13103, 24029
List the prime factors of 791277178.
2, 395638589
List the prime factors of 179445241.
23, 131, 59557
What are the prime factors of 1455441935?
5, 83, 3507089
What are the prime factors of 59659329?
3, 19886443
List the prime factors of 5750320728.
2, 3, 137, 1748881
What are the prime factors of 426886639?
149, 277, 10343
What are the prime factors of 994515092?
2, 31, 59, 135937
What are the prime factors of 33766741?
33766741
List the prime factors of 1102088173.
1102088173
List the prime factors of 158525995.
5, 1201, 26399
List the prime factors of 737518032.
2, 3, 5121653
List the prime factors of 512376950.
2, 5, 10247539
What are the prime factors of 9198960?
2, 3, 5, 38329
List the prime factors of 1436985918.
2, 3, 4639, 17209
List the prime factors of 845064944.
2, 313, 168743
What are the prime factors of 702393549?
3, 11, 13, 139, 11779
List the prime factors of 72569118.
2, 3, 1609, 7517
What are the prime factors of 269981990?
2, 5, 281, 96079
What are the prime factors of 2204218654?
2, 11, 100191757
List the prime factors of 841421943.
3, 93491327
What are the prime factors of 969435138?
2, 3, 7, 19, 941, 1291
What are the prime factors of 87063444?
2, 3, 13, 62011
List the prime factors of 14153307.
3, 7, 96281
List the prime factors of 96377943.
3, 32125981
List the prime factors of 830439322.
2, 37, 3067, 3659
What are the prime factors of 2024019586?
2, 1093, 925901
List the prime factors of 1266719086.
2, 31, 659063
What are the prime factors of 117440688?
2, 3, 1283, 1907
What are the prime factors of 4025094290?
2, 5, 7, 163, 181, 1949
List the prime factors of 1815686439.
3, 7, 211, 409769
What are the prime factors of 36002470?
2, 5, 7, 31, 47, 353
What are the prime factors of 64200689?
7, 9171527
List the prime factors of 372698850.
2, 3, 5, 617, 4027
What are the prime factors of 555387469?
7, 13, 131, 46589
What are the prime factors of 977658804?
2, 3, 4651, 5839
What are the p